nd z?
13
Suppose 0 = 5*y + 3*u - 174, -14*y + 15*y - 4*u = 21. What is the greatest common factor of 3531 and y?
33
Let z = -1679 + 1913. What is the greatest common divisor of 36 and z?
18
Suppose -4*h + 40 = -z - 58, -3*h + 64 = 4*z. Calculate the highest common divisor of 216 and h.
24
Let u(s) be the third derivative of -s**5/60 + 5*s**4/24 + 43*s**3/6 - 38*s**2. Let x be u(-4). Calculate the greatest common factor of x and 77.
7
Let n(u) = -u**3 + 14*u**2 - 37*u - 21. Let w be n(10). Calculate the greatest common divisor of 81 and w.
9
Let j(v) = -v**3 - 7*v**2 - 22*v - 2. Let p be j(-7). Calculate the highest common factor of 19 and p.
19
Let r = -124 + 80. Let w = 71 + r. Calculate the highest common factor of w and 18.
9
Let b(v) be the third derivative of 7*v**4/24 + 3*v**2. Let y be b(2). Let d be 21/y*(-16)/(-6). Calculate the highest common divisor of 8 and d.
4
Let y be (117/26)/((-6)/(-16)). Suppose -x - 2 = -2*n, n - 7 = -4*x + y. What is the greatest common factor of x and 32?
4
Let m = 3227 + -3208. Suppose -3*f + g = -f - 34, -2*g = -8. Calculate the greatest common divisor of f and m.
19
Suppose 4*c - 182 = 342. Let k = c + -43. What is the greatest common divisor of 8 and k?
8
Let d = 81 + -117. Let v = d + 44. What is the highest common divisor of v and 56?
8
Let d(n) = 7*n**3 - n**2. Let u be d(1). Suppose -2*x + 0 = -u. What is the greatest common divisor of x and 12?
3
Let x = -8 + 12. Suppose -4*h = x*f - 296, -f + 3*h = -2*f + 64. Suppose 41 = 4*s - f. Calculate the greatest common divisor of s and 45.
15
Let s be -20*(3/(-2) - -1). Suppose -2*f + 7*f + 4*q + 18 = 0, 5*f + 8 = q. Let o be 1/(-3*f/90). What is the greatest common factor of s and o?
5
Let d be 6/18 - (100/(-6) - -1). Calculate the highest common divisor of d and 128.
16
Let l = 6823 + -6802. Let j(f) = f**2 - 2*f + 6. Let c be j(4). Calculate the greatest common divisor of c and l.
7
Let l be -3 + 1/(3/(-147)). Let n be l/(-12) + -4 - 1090/(-6). Let x be 1 + 2/(2/25). Calculate the highest common factor of x and n.
26
Let b = 1108 - 847. Calculate the highest common factor of b and 377.
29
Let o(q) = 43*q - 30*q + 3 + 11 + 2*q**2 + 0*q**2. Let n be o(-8). What is the highest common divisor of n and 19?
19
Let g = -101 - -36. Suppose 0 = 15*l - 2*l - 507. Let m be (g/l)/(2/(-30)). What is the greatest common factor of 10 and m?
5
Let y be (21/(-15))/((-1)/5). Suppose -400 = 3*l - y*l. Calculate the greatest common divisor of 150 and l.
50
Let w(b) = -13*b + 4. Let g be w(-5). Suppose 0 = -5*a + 126 + g. Calculate the highest common factor of a and 26.
13
Let m(z) = -z**3 - 20*z**2 - 20*z + 3. Let v be m(-19). Let r = -24 - -26. Calculate the highest common divisor of v and r.
2
Let z be (0 - -2)*64/4. Let y(k) = -27*k**3 + 2*k + 1. Let m be y(-1). Suppose m = -3*c + 170. Calculate the greatest common divisor of c and z.
16
Suppose -5*r + s = -809, 5*r + 5*s - 278 - 507 = 0. Let m = r - 57. What is the greatest common factor of m and 26?
26
Let q(p) = -6*p + 8. Let f be q(6). Let k = -20 - f. Let t = 94 - 54. What is the highest common divisor of t and k?
8
Suppose -2*d - 4*u = -5*d - 2, 35 = 5*d + u. Let x be 2/d - (-532)/42. Calculate the greatest common divisor of x and 52.
13
Let h(k) = 25*k + 24. Let b(p) = 17*p + 16. Let w(l) = -8*b(l) + 5*h(l). Let d be w(-2). Calculate the greatest common divisor of d and 28.
14
Let o = -43 - -73. Let d be o/9*396/55. Calculate the highest common factor of 216 and d.
24
Suppose 0 = 3*f - 253 + 247. Let l(w) = 3*w**2 + 2*w - 2. Let u = -1 + 3. Let v be l(u). What is the greatest common divisor of v and f?
2
Let q = 25 - 17. Let l be -18*(-1 - (-4)/q). Calculate the highest common factor of 81 and l.
9
Suppose 3*f - 559 = 2*h, 2*h - 566 = -3*f - 3*h. Suppose 782 = -6*u + 52*u. Calculate the highest common divisor of f and u.
17
Let o be (-36)/(-10)*20/12. Suppose -4*i = -o - 6. Calculate the highest common factor of i and 2.
1
Let c = 2 - 0. Let h(x) = 0*x + c - 3*x - 4*x + 5*x. Let b be h(-8). Calculate the greatest common factor of b and 126.
18
Let o(t) = 4*t - 21. Let q be o(6). Suppose 3*x - q*f - 60 = 0, 4*x - f + 16 = 96. Suppose 3*n - 159 = -9. Calculate the highest common divisor of x and n.
10
Let k(l) = -3*l**2 + l + 2. Let p be k(2). Suppose 85 = -9*q - 95. Let v = p - q. What is the greatest common divisor of 84 and v?
12
Let b be 4/1 + 2*-1. Let k be (b/(-6))/(6/(-36)). Calculate the greatest common divisor of k and 22.
2
Suppose 181 = 3*j - 2*o, -2*j + o = -j - 59. Suppose 0 = h + 2*b - 54, h + b - 2*b - j = 0. Calculate the highest common factor of h and 20.
20
Suppose 10*l - 543 - 827 = 0. Let a = 225 - l. Calculate the greatest common divisor of 220 and a.
44
Let n(z) = 15*z - 12. Let v be n(8). Suppose -11*o = -2453 - 517. Calculate the greatest common factor of v and o.
54
Let y be 2/(-14) + 384/42. Calculate the highest common divisor of y and 162.
9
Suppose 2*y - 5*a = 133, 4*y + 147 = 7*y + 3*a. Let z = y - -36. Calculate the greatest common factor of 10 and z.
10
Let h be -9 - (8 + -18 - 35). Let c be (-1 + 4)*(0 + 3). Calculate the highest common factor of c and h.
9
Let r = 149 - 86. Suppose m - r = -5. Suppose -14 + m = 4*g. What is the greatest common divisor of 22 and g?
11
Let c(g) = 2*g**2 + 61*g + 46. Let s be c(-31). Let p = -29 - -40. Calculate the highest common divisor of s and p.
11
Let n be (-7 - (-13 - -5))/((-2)/(-176)). What is the greatest common divisor of 33 and n?
11
Suppose 3495 = 38*o - 1559. Calculate the highest common factor of o and 14.
7
Let c = 1420 - 960. Calculate the greatest common factor of 805 and c.
115
Let n be 100/((-2)/6 - 119/(-51)). Calculate the greatest common factor of 4 and n.
2
Let a(c) = -8*c - 4. Let n be a(1). Let l be (0 + 52/12)/((-2)/n). Calculate the highest common factor of l and 182.
26
Let a(o) = -o**3 - o**2 - 2*o - 3. Let c be a(-3). Suppose 0 = -3*t + 4*h + c, 4*h + 24 = 5*t + h. Calculate the highest common divisor of 15 and t.
3
Let h = -499 - -547. What is the highest common divisor of h and 12?
12
Let c(b) = b**2 + 3*b - 5. Let i be c(-5). Suppose 21*q - 32 = 73. Calculate the highest common divisor of i and q.
5
Let v(d) = -d + 5. Let k be v(-7). Let h = 19 - k. Calculate the greatest common divisor of 7 and h.
7
Let a be (3 - -53)*20/16. Let l be (26/(-2))/((-10)/a). Suppose 0 = -2*v + 5*x + l, 3*x - 4 = -1. Calculate the greatest common divisor of v and 12.
12
Let l(p) = 33*p + 4. Let v be l(1). Let q = v - 20. What is the highest common divisor of 187 and q?
17
Let p = 460 - 411. Calculate the greatest common factor of p and 14.
7
Let h = 544 + -502. Suppose w - 59 = 4*z, -w - 5*z = 3*w - 257. What is the highest common divisor of h and w?
21
Let l be (-13)/26 + 11/(-2) + 0. Let s be 20/l*((-203)/(-35) - 7). Calculate the greatest common factor of s and 44.
4
Suppose -8*y + 216 = -0*y. Calculate the highest common factor of y and 108.
27
Let x(r) = 2*r + 4. Let i be x(6). Suppose -l = -5*g - 5*l - 26, l = 1. Let w = 10 - g. What is the greatest common factor of i and w?
16
Suppose -3*s + 22 = -44. Let b be 9/(99/2) - (-106)/s. What is the highest common divisor of b and 5?
5
Suppose -39*r = -10*r - 3248. Suppose -t + 0*t = -14. Calculate the greatest common divisor of t and r.
14
Let v = 23 + -23. Suppose 9*w - 2*w - 56 = v. Calculate the greatest common factor of w and 4.
4
Let j(d) = -d**3 - 4*d**2 - 2*d - 1. Let f be j(-4). Let v(r) = 2*r**2 - 10. Let g be v(f). Let q = 31 + -9. Calculate the greatest common divisor of q and g.
22
Let r(l) = -l**3 + 16*l**2 + 40*l + 28. Let h be r(18). What is the highest common divisor of h and 75?
25
Suppose -3 = x - 14. Let h = -6 + x. Suppose -2*v + 4*d + 26 = 0, 3*v - h*d + 0*d = 36. What is the greatest common divisor of v and 35?
7
Suppose 3*i - 4*k = 58, 2*i - k - 20 = 12. Calculate the highest common factor of 112 and i.
14
Suppose -112 = -9*g - 22. Let c(t) = 15*t. Let x be c(6). Calculate the highest common divisor of x and g.
10
Let p = -13 + 31. Suppose 3*n = p - 6. Suppose -4*w + w = -12, 4*w - 72 = -n*a. Calculate the highest common factor of a and 98.
14
Suppose -3*v = 20 - 26. Suppose b = g - 0*b - 2, -3*g + v*b + 9 = 0. Suppose -78 - 112 = -g*n. Calculate the highest 